{"id":35,"date":"2016-02-11T20:45:11","date_gmt":"2016-02-11T20:45:11","guid":{"rendered":"http:\/\/tallerdefuturo.org\/?page_id=35"},"modified":"2016-02-17T22:12:06","modified_gmt":"2016-02-17T21:12:06","slug":"es-necesario-participar-en-las-elecciones-locales-con-una-alternativa","status":"publish","type":"page","link":"http:\/\/tallerdefuturo.org\/?page_id=35","title":{"rendered":"\u00bfEs necesario participar en las elecciones locales con una alternativa?"},"content":{"rendered":"<p><span class=\"ff1 fs20\"><em>(Originalmente este art\u00edculo se public\u00f3 antes de las elecciones Municipales de mayo 2015 en las que participamos en la candidatura de confluencia <a href=\"http:\/\/www.ganemos3c.org\/\" target=\"_blank\">Ganemos3C<\/a>)<br \/>\n<\/em><br \/>\nLas pregunta no tiene una respuesta f\u00e1cil. <b>Queremos cambiar las cosas<\/b>, cierto. <a href=\"http:\/\/tallerdefuturo.org\/wp-content\/uploads\/2016\/02\/kap.jpg\" rel=\"attachment wp-att-17\"><img loading=\"lazy\" decoding=\"async\" class=\"size-medium wp-image-17 alignright\" src=\"http:\/\/tallerdefuturo.org\/wp-content\/uploads\/2016\/02\/kap-300x209.jpg\" alt=\"kap\" width=\"300\" height=\"209\" \/><\/a><\/span><\/p>\n<p><span class=\"ff1 fs20\">No todos en el mismo sentido, no todos con la misma profundidad, pero todos estamos hartos de lo que hay. <b>Existe un n\u00famero muy significativo de personas que demandan un cambio y desean una alternativa <span class=\"cf4\">diferente<\/span><\/b><\/span><b><span class=\"cf3 ff1 fs20\">.<br \/>\n<\/span><\/b><span class=\"cf3 ff1 fs20\"><br \/>\nLa \u201cdemocracia\u201d actual, la partitocracia, el sistema bipartidista que nos fue impuesto durante la transici\u00f3n, se ha revelado como una f\u00f3rmula de dictadura olig\u00e1rquica encubierta. Por anticuadas que suenen las palabras, veamos si describen fielmente o no nuestra realidad.<\/span><span class=\"ff1 fs20\"><br \/>\n<span id=\"more-16\"><\/span><br \/>\n<b>El poder real est\u00e1 en manos de \u201clos mercados\u201d y estos son representados por unos pocos profesionales de la pol\u00edtica.<\/b>Se crea una especie de espejismo que nos hace creer que elegimos libremente a nuestros representantes cada 4 a\u00f1os. La realidad es que nuestra capacidad de elecci\u00f3n se reduce a optar \u00fanicamente entre lo malo y lo peor. La Ley electoral, los medios de comunicaci\u00f3n y el sistema en su conjunto, nos cercenan en la pr\u00e1ctica cualquier otra opci\u00f3n.<\/span><\/p>\n<p>Tanto si creemos que basta con reformar este sistema, como si creemos que hay que hacer una aut\u00e9ntica revoluci\u00f3n, sabemos que el camino no es f\u00e1cil. Ni lo uno ni lo otro puede acometerse sin una <b>gran cantidad de ciudadanos formados e informados, capaces de implicarse y esforzarse <\/b>por conseguir estos objetivos.<\/p>\n<p>Entre tanto, hay multitud de f\u00f3rmulas de lucha que nos permiten avanzar o al menos no retroceder.<\/p>\n<p>M\u00e1s all\u00e1 de las m\u00faltiples razones \u2013 a favor o en contra \u2013 que podamos dar, muchos intuimos que <span class=\"cf4\"><b>una alternativa electoral, lo m\u00e1s cercana posible a la democracia directa<\/b><\/span><span class=\"cf3 ff1 fs20\"> y que aprenda de los sucesivos errores de intentos pasados, puede ayudar mucho en el camino hacia el cambio. No es seguramente la v\u00eda definitiva para alcanzar nuestros objetivos, pero puede ayudarnos en varios sentidos:<\/span><\/p>\n<p>\u2013 <span class=\"cf4\">Mejorando nuestras condiciones de vida mediante su acci\u00f3n pol\u00edtica.<\/span><\/p>\n<p>\u2013 Inform\u00e1ndonos y form\u00e1ndonos.<\/p>\n<p>\u2013 Permiti\u00e9ndonos ensayar f\u00f3rmulas de aut\u00e9ntica democracia \u2013 participativa y\/o directa \u2013 \u00a0que, sin duda, nos permitir\u00e1n tener mucho aprendido cuando finalmente consigamos el cambio.<br \/>\n<span class=\"cf3 ff1 fs20\"><br \/>\nEs algo m\u00e1s que una intuici\u00f3n, es <b>una ilusi\u00f3n compartida por muchos que nos puede hacer avanzar. <\/b><\/span><span class=\"ff1 fs20\">Debemos plantea<\/span><span class=\"ff1 fs20\">rnos todo con la debida cautela, <\/span><span class=\"ff1 fs20\">para no estrellarnos<\/span><span class=\"ff1 fs20\"> y sumi<\/span><span class=\"ff1 fs20\">rnos en otros 30 a\u00f1os de desilusi\u00f3n y apat\u00eda como los sufridos <\/span><span class=\"ff1 fs20\">tras la Transici\u00f3n.<\/span><\/p>\n","protected":false},"excerpt":{"rendered":"<p>(Originalmente este art\u00edculo se public\u00f3 antes de las elecciones Municipales de mayo 2015 en las que participamos en la candidatura de confluencia Ganemos3C) Las pregunta no tiene una respuesta f\u00e1cil. Queremos cambiar las cosas, cierto. No todos en el mismo sentido, no todos con la misma profundidad, pero todos estamos hartos de lo que hay. &hellip; <a href=\"http:\/\/tallerdefuturo.org\/?page_id=35\" class=\"more-link\">Continuar leyendo<span class=\"screen-reader-text\"> \u00ab\u00bfEs necesario participar en las elecciones locales con una alternativa?\u00bb<\/span><\/a><\/p>\n","protected":false},"author":2,"featured_media":0,"parent":20,"menu_order":1,"comment_status":"closed","ping_status":"closed","template":"","meta":{"footnotes":""},"class_list":["post-35","page","type-page","status-publish","hentry"],"_links":{"self":[{"href":"http:\/\/tallerdefuturo.org\/index.php?rest_route=\/wp\/v2\/pages\/35","targetHints":{"allow":["GET"]}}],"collection":[{"href":"http:\/\/tallerdefuturo.org\/index.php?rest_route=\/wp\/v2\/pages"}],"about":[{"href":"http:\/\/tallerdefuturo.org\/index.php?rest_route=\/wp\/v2\/types\/page"}],"author":[{"embeddable":true,"href":"http:\/\/tallerdefuturo.org\/index.php?rest_route=\/wp\/v2\/users\/2"}],"replies":[{"embeddable":true,"href":"http:\/\/tallerdefuturo.org\/index.php?rest_route=%2Fwp%2Fv2%2Fcomments&post=35"}],"version-history":[{"count":3,"href":"http:\/\/tallerdefuturo.org\/index.php?rest_route=\/wp\/v2\/pages\/35\/revisions"}],"predecessor-version":[{"id":68,"href":"http:\/\/tallerdefuturo.org\/index.php?rest_route=\/wp\/v2\/pages\/35\/revisions\/68"}],"up":[{"embeddable":true,"href":"http:\/\/tallerdefuturo.org\/index.php?rest_route=\/wp\/v2\/pages\/20"}],"wp:attachment":[{"href":"http:\/\/tallerdefuturo.org\/index.php?rest_route=%2Fwp%2Fv2%2Fmedia&parent=35"}],"curies":[{"name":"wp","href":"https:\/\/api.w.org\/{rel}","templated":true}]}}

<p><span class="ff1 fs20"><em>(Originalmente este artículo se publicó antes de las elecciones Municipales de mayo 2015 en las que participamos en la candidatura de confluencia <a href="http://www.ganemos3c.org/" target="_blank">Ganemos3C</a>)<br />
</em><br />
Las pregunta no tiene una respuesta fácil. <b>Queremos cambiar las cosas</b>, cierto. <a href="http://tallerdefuturo.org/wp-content/uploads/2016/02/kap.jpg" rel="attachment wp-att-17"><img loading="lazy" decoding="async" class="size-medium wp-image-17 alignright" src="http://tallerdefuturo.org/wp-content/uploads/2016/02/kap-300x209.jpg" alt="kap" width="300" height="209" /></a></span></p>
<p><span class="ff1 fs20">No todos en el mismo sentido, no todos con la misma profundidad, pero todos estamos hartos de lo que hay. <b>Existe un número muy significativo de personas que demandan un cambio y desean una alternativa <span class="cf4">diferente</span></b></span><b><span class="cf3 ff1 fs20">.<br />
</span></b><span class="cf3 ff1 fs20"><br />
La “democracia” actual, la partitocracia, el sistema bipartidista que nos fue impuesto durante la transición, se ha revelado como una fórmula de dictadura oligárquica encubierta. Por anticuadas que suenen las palabras, veamos si describen fielmente o no nuestra realidad.</span><span class="ff1 fs20"><br />
<span id="more-16"></span><br />
<b>El poder real está en manos de “los mercados” y estos son representados por unos pocos profesionales de la política.</b>Se crea una especie de espejismo que nos hace creer que elegimos libremente a nuestros representantes cada 4 años. La realidad es que nuestra capacidad de elección se reduce a optar únicamente entre lo malo y lo peor. La Ley electoral, los medios de comunicación y el sistema en su conjunto, nos cercenan en la práctica cualquier otra opción.</span></p>
<p>Tanto si creemos que basta con reformar este sistema, como si creemos que hay que hacer una auténtica revolución, sabemos que el camino no es fácil. Ni lo uno ni lo otro puede acometerse sin una <b>gran cantidad de ciudadanos formados e informados, capaces de implicarse y esforzarse </b>por conseguir estos objetivos.</p>
<p>Entre tanto, hay multitud de fórmulas de lucha que nos permiten avanzar o al menos no retroceder.</p>
<p>Más allá de las múltiples razones – a favor o en contra – que podamos dar, muchos intuimos que <span class="cf4"><b>una alternativa electoral, lo más cercana posible a la democracia directa</b></span><span class="cf3 ff1 fs20"> y que aprenda de los sucesivos errores de intentos pasados, puede ayudar mucho en el camino hacia el cambio. No es seguramente la vía definitiva para alcanzar nuestros objetivos, pero puede ayudarnos en varios sentidos:</span></p>
<p>– <span class="cf4">Mejorando nuestras condiciones de vida mediante su acción política.</span></p>
<p>– Informándonos y formándonos.</p>
<p>– Permitiéndonos ensayar fórmulas de auténtica democracia – participativa y/o directa –  que, sin duda, nos permitirán tener mucho aprendido cuando finalmente consigamos el cambio.<br />
<span class="cf3 ff1 fs20"><br />
Es algo más que una intuición, es <b>una ilusión compartida por muchos que nos puede hacer avanzar. </b></span><span class="ff1 fs20">Debemos plantea</span><span class="ff1 fs20">rnos todo con la debida cautela, </span><span class="ff1 fs20">para no estrellarnos</span><span class="ff1 fs20"> y sumi</span><span class="ff1 fs20">rnos en otros 30 años de desilusión y apatía como los sufridos </span><span class="ff1 fs20">tras la Transición.</span></p>

<p>(Originalmente este artículo se publicó antes de las elecciones Municipales de mayo 2015 en las que participamos en la candidatura de confluencia Ganemos3C) Las pregunta no tiene una respuesta fácil. Queremos cambiar las cosas, cierto. No todos en el mismo sentido, no todos con la misma profundidad, pero todos estamos hartos de lo que hay. &hellip; <a href="http://tallerdefuturo.org/?page_id=35" class="more-link">Continuar leyendo<span class="screen-reader-text"> «¿Es necesario participar en las elecciones locales con una alternativa?»</span></a></p>
