{"id":61,"date":"2016-02-13T18:59:59","date_gmt":"2016-02-13T18:59:59","guid":{"rendered":"http:\/\/tallerdefuturo.org\/?page_id=61"},"modified":"2016-02-17T22:18:42","modified_gmt":"2016-02-17T21:18:42","slug":"solo-3c","status":"publish","type":"page","link":"http:\/\/tallerdefuturo.org\/?page_id=61","title":{"rendered":"\u00bfS\u00f3lo 3C?"},"content":{"rendered":"<p><strong>\u00bfPor qu\u00e9 s\u00f3lo local?<\/strong><\/p>\n<div class=\"entry-content\">\n<p><span class=\"ff1 cf1 fs20\">Repasemos unas citas de grupos ciudadanos que ya han dado vueltas a estos temas:<\/span><\/p>\n<p><span class=\"ff1 cf1 fs20\"><br \/>\n<\/span><span class=\"cf3 ff1 fs20\"><i>\u201cCuando se habla de dar inicio a una verdadera revoluci\u00f3n democr\u00e1tica y social, no podemos dejar de <a href=\"http:\/\/tallerdefuturo.org\/wp-content\/uploads\/2016\/02\/Tres-Cantos.jpg\" rel=\"attachment wp-att-10\"><img loading=\"lazy\" decoding=\"async\" class=\" wp-image-10 alignright\" src=\"http:\/\/tallerdefuturo.org\/wp-content\/uploads\/2016\/02\/Tres-Cantos-300x227.jpg\" sizes=\"auto, (max-width: 256px) 85vw, 256px\" srcset=\"http:\/\/tallerdefuturo.org\/wp-content\/uploads\/2016\/02\/Tres-Cantos-300x227.jpg 300w, http:\/\/tallerdefuturo.org\/wp-content\/uploads\/2016\/02\/Tres-Cantos.jpg 502w\" alt=\"Tres-Cantos\" width=\"256\" height=\"194\" \/><\/a>hablar de lo local, \u2026\u201d. <\/i><\/span><\/p>\n<p><span class=\"cf3 ff1 fs20\"><i><br \/>\n<\/i><\/span><i><span class=\"cf5 ff1 fs20\">\u201cPero el recurso local no es ni mucho menos t\u00e1ctico; es s\u00f3lo en estos\u00a0n\u00facleos\u00a0administrativos reducidos\u00a0donde es posible lograr una gesti\u00f3n razonablemente directa de las cosas que nos importan.\u201d<\/span><\/i><\/p>\n<p><span id=\"more-1\"><\/span><br \/>\n<span class=\"cf1 ff1 fs20\">Y dos m\u00e1s, modificadas y adaptadas a nuestro caso concreto:<\/span><span class=\"cf5 ff1 fs20\"><i><br \/>\n<\/i><\/span><span class=\"cf1 ff1 fs20\"><br \/>\n<\/span><span class=\"cf3 ff1 fs20\">Se trata de que m\u00e1s personas puedan ser escuchadas, y su opini\u00f3n tenida en cuenta, recurriendo a herramientas pol\u00edticas como los presupuestos participativos y organiz\u00e1ndose en concejos abiertos, <b><span class=\"imUl\">que puedan tomar cuantas decisiones puedan ser capaces de tomar<\/span><\/b>. Adem\u00e1s de tener el concejal, que por el momento seguir\u00e1 siendo necesario para exigir <b>m\u00e1s autogesti\u00f3n y m\u00e1s decisi\u00f3n vecinal en la gesti\u00f3n<\/b> de nuestros impuestos, controlando como, donde y en qu\u00e9 se gasta nuestro dinero.<i><br \/>\n<\/i><\/span><\/p>\n<p><span class=\"cf5 ff1 fs20\">Los vecinos deben exigir a las formaciones pol\u00edticas que pretendan articular una alternativa ciudadana para Tres Cantos que se comprometan a desarrollar plenamente la participaci\u00f3n y la gesti\u00f3n aut\u00f3noma de nuestro municipio, facilitando as\u00ed la construcci\u00f3n de una democracia desde abajo.<\/span><span class=\"fs22 ff2 cf5\"><br \/>\n<\/span><\/p>\n<p><span class=\"ff1 fs20 cf1\">Con estas bases, intentemos ahora esquematizar las razones del porqu\u00e9 solo proponemos actuar en local:<\/span><\/p>\n<p>&nbsp;<\/p>\n<ul>\n<li><span class=\"ff1 fs20 cf1\">Los municipios son \u201cla base electoral\u201d de los partidos y, por lo tanto, intervenir para modificar la democracia en los municipios es la mejor forma de socavar la partitocracia y demoler el bipartidismo.<br \/>\n<\/span><\/li>\n<\/ul>\n<ul>\n<li><span class=\"ff1 fs20 cf1\">No podemos plantearnos intervenir en otras instancias superiores, sin tener experiencia en local. Carecemos de una infraestructura s\u00f3lida que nos permita controlar la experiencia m\u00e1s all\u00e1 de lo local.<\/span><\/li>\n<\/ul>\n<p><strong>Por eso\u00a0nos declaramos municipalistas. Pretendemos cambiarlo todo, pero de abajo arriba. Para que el cambio sea real<\/strong>. <strong>Para que no haya vuelta atr\u00e1s<\/strong>.<\/p>\n<\/div>\n<p><!-- .entry-content --><\/p>\n<footer class=\"entry-footer\"><\/footer>\n","protected":false},"excerpt":{"rendered":"<p>\u00bfPor qu\u00e9 s\u00f3lo local? Repasemos unas citas de grupos ciudadanos que ya han dado vueltas a estos temas: \u201cCuando se habla de dar inicio a una verdadera revoluci\u00f3n democr\u00e1tica y social, no podemos dejar de hablar de lo local, \u2026\u201d. \u201cPero el recurso local no es ni mucho menos t\u00e1ctico; es s\u00f3lo en estos\u00a0n\u00facleos\u00a0administrativos reducidos\u00a0donde &hellip; <a href=\"http:\/\/tallerdefuturo.org\/?page_id=61\" class=\"more-link\">Continuar leyendo<span class=\"screen-reader-text\"> \u00ab\u00bfS\u00f3lo 3C?\u00bb<\/span><\/a><\/p>\n","protected":false},"author":2,"featured_media":0,"parent":20,"menu_order":1,"comment_status":"closed","ping_status":"closed","template":"","meta":{"footnotes":""},"class_list":["post-61","page","type-page","status-publish","hentry"],"_links":{"self":[{"href":"http:\/\/tallerdefuturo.org\/index.php?rest_route=\/wp\/v2\/pages\/61","targetHints":{"allow":["GET"]}}],"collection":[{"href":"http:\/\/tallerdefuturo.org\/index.php?rest_route=\/wp\/v2\/pages"}],"about":[{"href":"http:\/\/tallerdefuturo.org\/index.php?rest_route=\/wp\/v2\/types\/page"}],"author":[{"embeddable":true,"href":"http:\/\/tallerdefuturo.org\/index.php?rest_route=\/wp\/v2\/users\/2"}],"replies":[{"embeddable":true,"href":"http:\/\/tallerdefuturo.org\/index.php?rest_route=%2Fwp%2Fv2%2Fcomments&post=61"}],"version-history":[{"count":2,"href":"http:\/\/tallerdefuturo.org\/index.php?rest_route=\/wp\/v2\/pages\/61\/revisions"}],"predecessor-version":[{"id":295,"href":"http:\/\/tallerdefuturo.org\/index.php?rest_route=\/wp\/v2\/pages\/61\/revisions\/295"}],"up":[{"embeddable":true,"href":"http:\/\/tallerdefuturo.org\/index.php?rest_route=\/wp\/v2\/pages\/20"}],"wp:attachment":[{"href":"http:\/\/tallerdefuturo.org\/index.php?rest_route=%2Fwp%2Fv2%2Fmedia&parent=61"}],"curies":[{"name":"wp","href":"https:\/\/api.w.org\/{rel}","templated":true}]}}

¿Sólo 3C?

<p><strong>¿Por qué sólo local?</strong></p>
<div class="entry-content">
<p><span class="ff1 cf1 fs20">Repasemos unas citas de grupos ciudadanos que ya han dado vueltas a estos temas:</span></p>
<p><span class="ff1 cf1 fs20"><br />
</span><span class="cf3 ff1 fs20"><i>“Cuando se habla de dar inicio a una verdadera revolución democrática y social, no podemos dejar de <a href="http://tallerdefuturo.org/wp-content/uploads/2016/02/Tres-Cantos.jpg" rel="attachment wp-att-10"><img loading="lazy" decoding="async" class=" wp-image-10 alignright" src="http://tallerdefuturo.org/wp-content/uploads/2016/02/Tres-Cantos-300x227.jpg" sizes="auto, (max-width: 256px) 85vw, 256px" srcset="http://tallerdefuturo.org/wp-content/uploads/2016/02/Tres-Cantos-300x227.jpg 300w, http://tallerdefuturo.org/wp-content/uploads/2016/02/Tres-Cantos.jpg 502w" alt="Tres-Cantos" width="256" height="194" /></a>hablar de lo local, …”. </i></span></p>
<p><span class="cf3 ff1 fs20"><i><br />
</i></span><i><span class="cf5 ff1 fs20">“Pero el recurso local no es ni mucho menos táctico; es sólo en estos núcleos administrativos reducidos donde es posible lograr una gestión razonablemente directa de las cosas que nos importan.”</span></i></p>
<p><span id="more-1"></span><br />
<span class="cf1 ff1 fs20">Y dos más, modificadas y adaptadas a nuestro caso concreto:</span><span class="cf5 ff1 fs20"><i><br />
</i></span><span class="cf1 ff1 fs20"><br />
</span><span class="cf3 ff1 fs20">Se trata de que más personas puedan ser escuchadas, y su opinión tenida en cuenta, recurriendo a herramientas políticas como los presupuestos participativos y organizándose en concejos abiertos, <b><span class="imUl">que puedan tomar cuantas decisiones puedan ser capaces de tomar</span></b>. Además de tener el concejal, que por el momento seguirá siendo necesario para exigir <b>más autogestión y más decisión vecinal en la gestión</b> de nuestros impuestos, controlando como, donde y en qué se gasta nuestro dinero.<i><br />
</i></span></p>
<p><span class="cf5 ff1 fs20">Los vecinos deben exigir a las formaciones políticas que pretendan articular una alternativa ciudadana para Tres Cantos que se comprometan a desarrollar plenamente la participación y la gestión autónoma de nuestro municipio, facilitando así la construcción de una democracia desde abajo.</span><span class="fs22 ff2 cf5"><br />
</span></p>
<p><span class="ff1 fs20 cf1">Con estas bases, intentemos ahora esquematizar las razones del porqué solo proponemos actuar en local:</span></p>
<p>&nbsp;</p>
<ul>
<li><span class="ff1 fs20 cf1">Los municipios son “la base electoral” de los partidos y, por lo tanto, intervenir para modificar la democracia en los municipios es la mejor forma de socavar la partitocracia y demoler el bipartidismo.<br />
</span></li>
</ul>
<ul>
<li><span class="ff1 fs20 cf1">No podemos plantearnos intervenir en otras instancias superiores, sin tener experiencia en local. Carecemos de una infraestructura sólida que nos permita controlar la experiencia más allá de lo local.</span></li>
</ul>
<p><strong>Por eso nos declaramos municipalistas. Pretendemos cambiarlo todo, pero de abajo arriba. Para que el cambio sea real</strong>. <strong>Para que no haya vuelta atrás</strong>.</p>
</div>
<p><!-- .entry-content --></p>
<footer class="entry-footer"></footer>

<p>¿Por qué sólo local? Repasemos unas citas de grupos ciudadanos que ya han dado vueltas a estos temas: “Cuando se habla de dar inicio a una verdadera revolución democrática y social, no podemos dejar de hablar de lo local, …”. “Pero el recurso local no es ni mucho menos táctico; es sólo en estos núcleos administrativos reducidos donde &hellip; <a href="http://tallerdefuturo.org/?page_id=61" class="more-link">Continuar leyendo<span class="screen-reader-text"> «¿Sólo 3C?»</span></a></p>
